.
1101
-15026 (base 11) to base 2
-101001101001100
779 (base 14) to base 7
4212
What is 331350 (base 7) in base 9?
87680
-122313 (base 4) to base 9
-2320
Convert 5e7 (base 15) to base 7.
3625
Convert -243 (base 16) to base 15.
-289
-771a (base 16) to base 3
-1112211021
Convert -4536 (base 9) to base 2.
-110100011010
Convert -11012212 (base 3) to base 15.
-d9e
Convert 9917 (base 10) to base 9.
14538
1332 (base 10) to base 12
930
Convert -1146 (base 7) to base 9.
-523
What is -451 (base 15) in base 4?
-33100
9462 (base 15) to base 13
1137b
What is 23717 (base 10) in base 9?
35472
What is -2010 (base 5) in base 4?
-3333
What is -13300020 (base 4) in base 13?
-115b6
Convert -21120 (base 4) to base 3.
-211020
-196d (base 15) to base 4
-1111333
Convert -1021 (base 7) to base 2.
-101100110
Convert -2707a (base 13) to base 10.
-72602
What is 462 (base 7) in base 15?
110
Convert 414122 (base 5) to base 11.
a2a0
61e (base 15) to base 3
1220002
1a30 (base 11) to base 3
10112100
What is 2004 (base 5) in base 15?
11e
Convert -227 (base 12) to base 13.
-1b7
Convert -12443 (base 6) to base 14.
-999
Convert -52c (base 13) to base 4.
-31303
Convert -1032 (base 5) to base 3.
-12021
Convert 1b059 (base 15) to base 4.
111130122
57 (base 12) to base 7
124
73808 (base 9) to base 15
e6b5
Convert af (base 16) to base 14.
c7
What is 55417 (base 9) in base 2?
1000111110110110
What is 164 (base 12) in base 3?
22011
Convert -1203 (base 8) to base 5.
-10033
-101001111010 (base 2) to base 13
-12b4
What is 57b (base 14) in base 13?
65a
4dc4 (base 15) to base 6
204521
What is -6748 (base 9) in base 5?
-124420
Convert -16828 (base 11) to base 10.
-23625
-10110100010 (base 2) to base 9
-1872
What is -1144 (base 6) in base 9?
-341
What is -13381 (base 11) in base 9?
-28156
Convert 13031 (base 4) to base 8.
715
What is 10010111001101000 (base 2) in base 10?
77416
What is -1618 (base 11) in base 5?
-31301
Convert -961 (base 15) to base 10.
-2116
-77 (base 14) to base 13
-81
What is -211443 (base 5) in base 13?
-331c
What is -633 (base 9) in base 16?
-204
21 (base 10) to base 3
210
Convert 37bb (base 16) to base 10.
14267
593 (base 10) to base 7
1505
20333 (base 9) to base 14
4c4b
What is 3066 (base 8) in base 12?
b06
Convert 1958 (base 10) to base 14.
9dc
Convert aa6 (base 16) to base 9.
3658
18 (base 12) to base 7
26
Convert -57 (base 11) to base 4.
-332
110100000011011 (base 2) to base 14
99d9
Convert -10401 (base 5) to base 14.
-39c
320232 (base 5) to base 12
6230
Convert -22202 (base 3) to base 5.
-1421
Convert -10818 (base 9) to base 5.
-212401
Convert -a81 (base 11) to base 6.
-10003
What is 65452 (base 7) in base 4?
3333202
What is -62d (base 16) in base 11?
-1208
a078 (base 14) to base 15
8266
What is 32032 (base 5) in base 10?
2142
210000 (base 3) to base 16
237
Convert 3221 (base 4) to base 10.
233
Convert 5b6 (base 16) to base 8.
2666
-7bea (base 15) to base 3
-1100002211
-457c (base 15) to base 9
-22200
What is -23210 (base 5) in base 12?
-b80
-31611 (base 10) to base 14
-b73d
-155122 (base 6) to base 14
-5870
What is 9f0 (base 16) in base 2?
100111110000
1579 (base 16) to base 9
7477
What is 36b19 (base 12) in base 15?
16ea6
712 (base 11) to base 10
860
What is -312445 (base 6) in base 13?
-b639
What is 518 (base 10) in base 15?
248
Convert 24242 (base 5) to base 7.
5212
-23003 (base 4) to base 16
-2c3
Convert 608 (base 10) to base 7.
1526
What is -828 (base 14) in base 3?
-2012102
What is 212022 (base 3) in base 16?
275
Convert -100210 (base 3) to base 5.
-2024
2a4b (base 13) to base 6
44243
-65b (base 14) to base 3
-1201120
What is -111a1 (base 11) in base 10?
-16204
Convert -21a (base 11) to base 5.
-2023
Convert -6a3 (base 16) to base 2.
-11010100011
What is 273 (base 10) in base 8?
421
What is 1a21 (base 15) in base 8?
13030
What is 220121121 (base 3) in base 8?
43030
-61101 (base 8) to base 3
-1021111121
What is -3c64 (base 15) in base 4?
-3021313
26 (base 14) to base 3
1021
Convert 11366 (base 8) to base 11.
3713
Convert 253 (base 10) to base 11.
210
What is 371 (base 12) in base 15?
247
Convert -1832 (base 9) to base 7.
-4046
-781 (base 9) to base 4
-22000
What is -5562 (base 7) in base 15?
-8d9
Convert -b6 (base 15) to base 12.
-123
Convert 8317 (base 10) to base 14.
3061
Convert -111021100 (base 3) to base 14.
-3751
-1728 (base 12) to base 8
-5320
Convert 134 (base 6) to base 13.
46
What is -b6c (base 14) in base 4?
-203030
11010011011101 (base 2) to base 4
3103131
Convert -502 (base 15) to base 3.
-1112202
What is 100013 (base 4) in base 11?
858
1101111101000 (base 2) to base 16
1be8
What is 451 (base 16) in base 8?
2121
What is -5110 (base 6) in base 13?
-684
Convert 5441 (base 13) to base 11.
888a
Convert -1000200 (base 3) to base 13.
-456
589 (base 16) to base 12
9a1
490 (base 11) to base 3
210121
12011 (base 5) to base 10
881
-34b (base 16) to base 4
-31023
Convert -b0c6 (base 13) to base 14.
-8c1b
3431 (base 7) to base 9
1635
9739 (base 11) to base 13
5b1b
What is -2635 (base 8) in base 11?
-1097
Convert 1220132 (base 4) to base 6.
50542
Convert -865 (base 9) to base 8.
-1303
-276 (base 12) to base 3
-112000
5047 (base 11) to base 15
1ec1
Convert 162 (base 7) to base 12.
79
Convert 4214 (base 6) to base 8.
1662
Convert 42061 (base 9) to base 12.
14091
-11100110111001 (base 2) to base 11
-10114
What is -2322 (base 4) in base 3?
-20220
What is -201415 (base 6) in base 12?
-926b
What is 101302 (base 5) in base 7?
12462
What is 240242 (base 5) in base 14?
3302
-161 (base 15) to base 13
-1b4
What is -145510 (base 7) in base 8?
-67332
Convert 154c (base 13) to base 10.
3106
-28876 (base 9) to base 14
-7251
608 (base 14) to base 7
3311
Convert 29a71 (base 11) to base 6.
524553
What is 13155 (base 7) in base 11?
270a
1363 (base 7) to base 6
2251
Convert -1494 (base 10) to base 14.
-78a
Convert 320130 (base 4) to base 15.
110c
-69 (base 15) to base 4
-1203
121212 (base 3) to base 10
455
What is 1540 (base 8) in base 9?
1160
What is -3351 (base 6) in base 2?
-1100010011
What is -487 (base 10) in base 7?
-1264
What is -1323113 (base 5) in base 9?
-40510
Convert 3174 (base 14) to base 8.
20522
What is 10000110101 (base 2) in base 14?
56d
15312 (base 10) to base 4
3233100
Convert -23 (base 8) to base 6.
-31
Convert 6158 (base 16) to base 15.
75b5
Convert -2010002 (base 3) to base 13.
-917
What is -10303312 (base 4) in base 14?
-7274
Convert -5019 (base 14) to base 12.
-7b53
What is -15005 (base 6) in base 5?
-34011
What is 10d (base 15) in base 14?
130
Convert 1001110001100 (base 2) to base 8.
11614
-223011 (base 5) to base 7
-31656
Convert -2200 (base 6) to base 4.
-13320
What is -1120332 (base 4) in base 12?
-3366
What is -243 (base 14) in base 16?
-1c3
What is -71 (base 11) in base 13?
-60
-100332 (base 4) to base 11
-8a8
What is 1444 (base 6) in base 11?
323
Convert -120411 (base 7) to base 8.
-52465
What is -39d2 (base 16) in base 13?
-6978
-432 (base 9) to base 11
-2a1
What is -1083 (base 9) in base 4?
-30210
Convert 2252 (base 13) to base 11.
3673
-1b0 (base 16) to base 8
-660
731 (base 14) to base 11
1077
-3355 (base 15) to base 14
-3d72
What is -14268 (base 10) in base 5?
-424033
Convert -2a288 (base 11) to base 8.
-123662
202035 (base 6) to base 14
5b95
152b6 (base 12) to base 14
ac0a
What is 7aa (base 16) in base 10?
1962
30421 (base 5) to base 10
1986
101001100011 (base 2) to base 16
a63
Convert -1196 (base 10) to base 7.
-3326
-b08 (base 12) to base 9
-2158
753 (base 10) to base 5
11003
-14317 (base 8) to base 5
-200401
-3045 (base 8) to base 4
-120211
Convert -1476 (base 8) to base 6.
-3502
Convert 24c3 (base 16) to base 2.
10010011000011
Convert -50452 (base 6) to base 7.
-25256
What is -5c5 (base 14) in base 16?
-481
Convert -555a (base 15) to base 9.
-26724
Convert -11210122 (base 3) to base 12.
-2038
Convert -683 (base 10) to base 16.
-2ab
-807 (base 16) to base 3
-2211010
-3633 (base 7) to base 3
-1211220
What is 9f7d (base 16) in base 6?
513005
3561 (base 10) to base 2
110111101001
What is 359 (base 13) in base 10?
581
111013 (base 6) to base 12
5469
Convert -2268 (base 9) to base 8.
-3222
What is -1111201 (base 3) in base 7?
-3130
278 (base 12) to base 3
112002
What is -3351 (base 11) in base 10?
-4412
-614 (base 7) to base 11
-258
Conver